 digit of x?
1
Let r = 287 - 181. Let v = 432 - 379. Let g = r - v. What is the units digit of g?
3
Let o = -39 - -27. Let k(h) = -155*h - 131. What is the hundreds digit of k(o)?
7
Suppose -502622 = -118*r - 167620. What is the thousands digit of r?
2
Suppose -j - c + 22477 = -7710, 5*c = 2*j - 60318. What is the tens digit of j?
7
Let p = 47 - 25. What is the tens digit of 5 - (-11)/(p/1110)?
6
Let i be (14/(-21) - 14/(-3))/2. Suppose 0 = i*v + 5*v + 707. Let s = v + 178. What is the units digit of s?
7
Suppose w = 4*i + 61, 0 = w + i - 0*i - 86. Let q(k) = -4*k - 11. Let b be q(-10). Let z = w - b. What is the tens digit of z?
5
Let r = 310 - 521. Let q = r + 771. What is the hundreds digit of q?
5
Let o = -17 + -7. Let x = -28 - o. What is the hundreds digit of x/22 + (-1)/((-11)/1509)?
1
Let q(c) be the first derivative of 10*c**2 + 56*c + 140. What is the hundreds digit of q(18)?
4
Suppose 0 = -4*x - 12, -11*g + 16*g + x - 31952 = 0. What is the thousands digit of g?
6
Suppose 2*g - 2*b - 9348 = 0, -2*b + 14059 = 3*g + 62. What is the thousands digit of g?
4
Let n(f) = 3065*f + 145. What is the hundreds digit of n(10)?
7
What is the units digit of (-1)/(12*(-15)/7685100)?
5
Suppose 0 = -23*l + 668888 - 156080. What is the hundreds digit of l?
2
Let h = 8792 - -10931. What is the tens digit of h?
2
Let d = 6166 - 5004. What is the units digit of d?
2
Suppose 0 = -234*t + 236*t - 2558. Let r = t - 338. What is the tens digit of r?
4
Suppose -5*t + 80 = 125. What is the tens digit of 103/(-2)*(t - -11)*-1?
0
What is the tens digit of (-1)/3*-4583*6*2/4?
8
Let x(d) = -d**3 - 2*d**2 + d - 18. Let r be x(0). Let a be (r/(-5))/((-16)/(-360)). Suppose -8 = -h + a. What is the units digit of h?
9
Let u(o) = 3*o**2 - 15*o + 2. Let t be u(5). Suppose 0 = a - 4*l - 383, a - 359 = -0*a - t*l. What is the units digit of a?
7
Let p(c) = 65*c**2 + 0*c**3 - 154*c**2 - 50 + 79*c**2 + c**3 + 18*c. What is the tens digit of p(9)?
3
Suppose -3*y = -13*y + 40. Suppose p - 1181 = -y*v, 4*v - 613 = -4*p + 583. Suppose r - 197 = -2*a - 0*r, -3*a + v = r. What is the tens digit of a?
9
Let g be 18/5*(10 - 40/6). What is the tens digit of (-10)/15 - (-3344)/g?
7
Suppose -47*y = -49*y - 5*x + 44023, -2*y - x = -44051. What is the units digit of y?
9
Suppose 0 = -5*q + 18 - 3. Suppose 5*l = 2*a - 15, 2*a + 6 = -8*l + 6*l. What is the units digit of (-1)/((l/9 - 0)*q)?
1
Let s(u) = u + 10. Let y be s(8). Suppose 5*q = 17 + y. Suppose 3*r - 4*x = -q, -r + 3 - 4 = -x. What is the units digit of r?
3
Let j = -30 + 40. Suppose 0 = j*m - 12*m + 8. Suppose m*d - 67 = -y, y + 184 = 4*y - 5*d. What is the units digit of y?
3
Suppose -2253 = -9*l - 480. Let p(k) = 96 + 35*k - l + 77. What is the units digit of p(5)?
1
Let i(p) = 6*p**2 + 15*p + 2. Let b = -26 - -21. Let q be i(b). Let w = q + -72. What is the units digit of w?
5
Suppose 0 = 2*l + 4*f - 348 + 18, 5*f - 333 = -2*l. Suppose o - 2*t - 2*t - 127 = 0, o + 4*t = l. Suppose -o = -2*a + 195. What is the units digit of a?
9
Suppose 761 = -s + u, -2*s + u + 962 = 2480. Let p = s - -1336. What is the hundreds digit of p?
5
Let q(j) = 184*j**2 + 2*j + 1. Let y be q(-3). Let f = y - 1164. What is the tens digit of f?
8
Let s = 3381 - -3748. What is the tens digit of s?
2
Suppose -3*c = -o - 10, o - 30 = -c - 4*c. Suppose 6*a = 10*a + 3*y - 2312, -c*a + 4*y = -2921. What is the hundreds digit of a?
5
Let o be (1 - -3)/4*(-3 - -2). What is the units digit of (1161/9)/(1/2 - o)?
6
Suppose 25991 = -19*i + 2*i + 162824. What is the units digit of i?
9
Let v be 40/8 + (140 - 4) - -3. Let y = 0 + 0. Suppose -2*a - x = x - v, y = 2*a - 3*x - 159. What is the tens digit of a?
7
What is the thousands digit of -4 - -10 - 122577/(-13)?
9
Let b(h) be the second derivative of -2*h**2 - 6*h**3 + 0 - 4*h - 1/6*h**4. What is the hundreds digit of b(-14)?
1
Let p(d) = -4*d**3 - 28*d**2 + 33*d + 47. What is the tens digit of p(-14)?
7
Suppose g = -3*g - 592. Suppose -1078*u = -1046*u - 7936. Let w = g + u. What is the hundreds digit of w?
1
Let u(w) = 161*w + 695. What is the tens digit of u(-4)?
5
Suppose 3*r + 114902 = 4*d, 0 = -2871*d + 2870*d - r + 28736. What is the tens digit of d?
3
Let a = 175 - 104. Let l = a - 193. What is the units digit of 11/(-33) + l/(-6)?
0
Suppose 10*l + 11*l + 64 = 13*l. Let o(j) be the first derivative of 7*j**2/2 + 59*j + 1. What is the units digit of o(l)?
3
Suppose -v + 361 = 5*q + 35, -3*v - 5*q + 968 = 0. Let h = v + -49. What is the tens digit of h?
7
Let t(l) = 119*l - 7 + 25 + 84*l + 9. What is the units digit of t(3)?
6
Let y be 5*10/75 + (-30)/(-9). Suppose -4*i + 1359 = s, -i = -y*s - 237 - 107. What is the hundreds digit of i?
3
Suppose -11*y + 13*y + g = 8522, -4*g = 16. What is the tens digit of y?
6
Suppose 3*m = -5*w + 7871, 17*m - 2*w + 5250 = 19*m. What is the hundreds digit of m?
6
Let q = -132 - -133. Let n(g) = -g**3 + g**2 - g - 1. Let x be n(q). What is the hundreds digit of ((-6)/4)/((-4468)/(-2240) + x)?
2
Let s(l) = 2*l**3 + 12*l**2 + 9*l + 20. Let f be s(-5). Suppose 2019 = 2*c - 96*a + 91*a, f = 5*a. What is the thousands digit of c?
1
Let w(i) = i**3 + 2*i**2 - 3*i + 2. Let u be (10/(-4))/(110/(-88)). What is the units digit of w(u)?
2
Let u(d) = 6*d**3 + 4*d**2 - 128*d - 339. What is the tens digit of u(14)?
1
Suppose 4*l + 2*v = -1662, 6*l + 1665 = 2*l - 5*v. Let b = 793 + l. What is the hundreds digit of b?
3
Suppose -182*d + 2492285 = -968081. What is the thousands digit of d?
9
Suppose -v + 68046 = -k - 11561, -4*v = -5*k - 318422. What is the units digit of v?
3
Suppose 0*n - 3*n - 9 = 0, -3*n = -5*v + 4464. Let j = -477 + v. What is the tens digit of j?
1
Let j = -72 - -60. Let y be (j/(-8))/((-3)/(-4)). Suppose s - 252 = -m, -2*s - y*m + 518 = -7*m. What is the hundreds digit of s?
2
Let z(m) = -7*m - 56. Let w be z(-8). Suppose -4*u = -i + 25, w = -3*i - u + 169 - 42. What is the units digit of i?
1
Let v(j) = 2820*j - 64. Let c be v(8). Suppose -p = 15*p - c. What is the thousands digit of p?
1
Let q(y) = -2*y - 33. Let a be q(-14). Suppose -26 = -3*h - 20. What is the tens digit of (a - (-8)/h) + 38?
3
Let v = 199 - 116. Suppose x = -2*z - x + 320, 4*x - 484 = -3*z. Let l = z - v. What is the tens digit of l?
7
Let k(p) = p**2 + 6*p - 12. Let a be k(-8). Suppose 0 = a*y - 237 + 65. Suppose v + 4*z - y = 10, 4*v - 5*z = 170. What is the units digit of v?
5
Let k(w) = 9*w**2 + 23*w - 37. What is the ten thousands digit of k(52)?
2
Suppose 3*f + 98 = 4*f. Suppose -3*c + c = -r + 22, 5*r - f = 4*c. What is the tens digit of r?
1
Let l(v) = 25*v**2 + 42*v + 105. What is the thousands digit of l(-21)?
0
Let z(f) = f**2 + 22*f + 27. Let u be z(-21). Suppose -3*x + 4*h - 9 = 0, 0 = -2*x + h - 0*h - u. What is the units digit of ((-24)/16)/(x/28)?
4
What is the hundreds digit of (12 - -1728) + -6 - -1*8?
7
Let p(o) = -o**3 - 45*o**2 + 144*o + 684. What is the tens digit of p(-48)?
8
Suppose 102*n = 111*n - 18. Suppose 0 = -5*k + 4*q + 825, -n*q = 11*k - 7*k - 660. What is the tens digit of k?
6
Suppose 155*o - 9942 = 63*o + 9286. Let g = 217 + 186. Suppose 0 = -2*m - 3*l + o, g = m + 3*m + 3*l. What is the tens digit of m?
9
What is the hundreds digit of (-36)/8*23630/(-51)?
0
Suppose -21*c + 3*s + 93690 = -18*c, c - 31198 = 5*s. What is the tens digit of c?
3
Suppose 0 = -3*y - 4*v + 23964, -5*y + 39940 = -v + 2*v. What is the hundreds digit of y?
9
Let f = 32883 + -18328. What is the thousands digit of f?
4
Suppose -2*n = -4*h - 800512, 2*n + 3*h = 1077346 - 276855. What is the hundreds digit of (-2)/(-17) - n/(-850)?
4
Let q(z) = -379*z + 178. Let h be q(7). What is the hundreds digit of ((-12)/(-18))/((-10)/h)?
1
Let p be 652 + (-90)/9 + -12. Suppose 2*m + 3*i = 26, 4*i = m + 2*i - 6. Suppose -m*f = -15*f + p. What is the units digit of f?
6
Suppose 158214 = -125*h + 409214. What is the hundreds digit of h?
0
Let l(k) = -6*k**3 + 8*k**2 - 18*k + 59. Let i(h) = -5*h**3 + 6*h**2 - 18*h + 59. Let s(f) = -4*i(f) + 3*l(f). What is the hundreds digit of s(5)?
2
Suppose 3*h - 2*w + 12 = 0, 4*h - 1 + 21 = 4*w. What is the tens digit of (-14)/21 + h/6 + 189?
8
Suppose 123 = n + 3*u, 5*n - 367 - 333 = 2*u. Suppose -714 = 3*q + n. Let c = -164 - q. What is the units digit of c?
